uppose -4 = 2*d, w - 17*d = -19*d + 66. What is the remainder when w is divided by 9?
7
Suppose -3*u + 24 - 6 = 0. Let b(z) = 16*z - 21. What is the remainder when b(3) is divided by u?
3
Suppose 0*m - 5*m = 0. Suppose m = -7*n + 326 + 304. Calculate the remainder when n is divided by 23.
21
Let k = 440 + -420. What is the remainder when 119 is divided by k?
19
Calculate the remainder when 167 is divided by (-138)/(-92)*40/6.
7
Let d(s) = -8*s + 3. What is the remainder when 303 is divided by d(-2)?
18
Suppose 3*n - 7*n - 3*f + 65 = 0, n - 29 = -5*f. Calculate the remainder when 46 is divided by n.
4
What is the remainder when 112 is divided by -1 + 3/(-15) + 151/5?
25
Suppose -x - 744 = -25*x. What is the remainder when x is divided by 6?
1
Suppose 0 = -3*k + q + 329, -2*k - 2*q = -307 + 77. Calculate the remainder when k is divided by 19.
16
Let v(r) = -3*r**3 - 21*r**2 + 3 + 2*r**3 + 12. Calculate the remainder when 102 is divided by v(-21).
12
Suppose 3*x + 4*i - 30 - 29 = 0, -3*x + 5*i + 95 = 0. Calculate the remainder when 90 is divided by x.
15
Let a(j) = -8*j + 2. What is the remainder when 68 is divided by a(-1)?
8
Suppose -14 = 3*f - 29, -f - 79 = -4*g. Calculate the remainder when 58 + (2 - 4/2) is divided by g.
16
Suppose -4 - 4 = -4*c. Suppose 8 = c*i - 4*f + f, 0 = -5*i + f + 46. Calculate the remainder when -9*-4*21/28 is divided by i.
7
Let w = 38 - 27. Let d(a) = 4*a + 29. Let c be d(-6). What is the remainder when w is divided by 11 + -4 + -5 + c?
4
Let g be (-12)/18*(-213)/2. Suppose 6*b + g - 377 = 0. What is the remainder when b is divided by 13?
12
Suppose -1916 - 2314 = -45*j. What is the remainder when 274 is divided by j?
86
Let m = -8 - -22. Let k = m + -4. What is the remainder when k is divided by (9 + 13/(-2))*(-24)/(-10)?
4
Let v be 5/(-1) - -6 - -261. Calculate the remainder when 112 is divided by ((-2)/6)/(v/(-87) - -3).
25
Let r be (-23)/(-5) + (-48)/(-20) + -3. Suppose p + 3 = r*p, -p - 16 = -c. What is the remainder when 50 is divided by c?
16
Let c be ((-6)/(-4))/(21/28). Let m(k) = -3*k + k - 3*k + 3*k + 2 + 4*k**2 - k**3. Calculate the remainder when 16 is divided by m(c).
4
Suppose -19*q + 668 - 60 = 0. What is the remainder when q is divided by 5?
2
Suppose 6*n = 2*n - 48. Let i = n + 30. What is the remainder when i is divided by 4?
2
Suppose 2*u + 5*j = -2*u + 28, 4*u - 40 = -2*j. Suppose 0*v - 224 = -v - 2*w, -4*v - 4*w + 912 = 0. Calculate the remainder when (6/4)/(6/v) is divided by u.
10
Suppose 60*j + 4*u = 62*j - 124, -4*j + 248 = 4*u. Suppose m + 3*m = 84. Calculate the remainder when j is divided by m.
20
Suppose 140 + 190 = 22*s. What is the remainder when s is divided by 10?
5
Suppose 0 = m + 4*m. Suppose -3*n + 3 + m = 0. Calculate the remainder when ((-960)/(-2160))/(-1 + (-22)/(-18)) is divided by n.
0
Let b be (-8)/(-2) + -3 + -1. Suppose b = 3*o - 81 + 21. What is the remainder when o is divided by 7?
6
What is the remainder when 717 is divided by (-1475)/(-118)*8/10?
7
Let w be 0/2*(-3)/12. What is the remainder when w - -48*15/10 is divided by (1 + 1)*45/6?
12
Let p be (36/(-20) - (-3)/(-15)) + 30. Suppose 2*q + 3*s - 84 = 0, -3*s = -q + p + 14. What is the remainder when q is divided by 23?
19
What is the remainder when 111 is divided by 9 + (10 - -2) + -1?
11
Suppose 13*w - 4 = q + 15*w, 3*w + 17 = 4*q. What is the remainder when 28 is divided by q?
0
Suppose -33 = -3*x + 141. Calculate the remainder when x is divided by 12.
10
Suppose 4*y + 3*b - 187 = 0, -5*b - 151 + 4 = -4*y. What is the remainder when y is divided by 5?
3
Suppose 2*a + 21 = 3*c + 60, 0 = -4*c - 4. Let r = 50 - a. Calculate the remainder when 191 is divided by r.
31
Let x be -1 - (4 + (-28)/2). Let m(l) = l**2 - 5*l - 22. Calculate the remainder when 25 is divided by m(x).
11
Suppose d + k - 81 = 0, 4*d - 2*k - 3*k - 342 = 0. Calculate the remainder when d is divided by 43.
40
Suppose 0 = -6*q - 503 + 815. Suppose -4*h = -23 - 33. Calculate the remainder when q is divided by h.
10
Let q = 10 - -10. Suppose 3*x + q = x. Let o = 16 + x. What is the remainder when 13 is divided by o?
1
Calculate the remainder when 8 is divided by 6/14 + 44/28.
0
Let u = 73 + 15. Suppose -18*p - 90 = -23*p. Calculate the remainder when u is divided by p.
16
Suppose 18 = -2*r + 5*r + 5*n, -2*r + 3*n = -12. Let w(q) = q**2 - 2*q. Calculate the remainder when 70 is divided by w(r).
22
Suppose -3*j + 40 = -j + 4*w, -3*j + 5*w = -5. Let z be 0/(-1)*((-2 - -1) + 0). Suppose 0 = 4*g - 64 - z. Calculate the remainder when g is divided by j.
6
Suppose -y - 7*p + 4*p - 13 = 0, 0 = 3*y - 2*p + 6. Let s be (-370)/(-45) - y/(-18). Suppose -s*c + 3*c + 75 = 0. What is the remainder when c is divided by 6?
3
Let c(h) = 7*h**2 + 16*h + 11. Calculate the remainder when c(4) is divided by 49.
40
Suppose -2*o + 43 = n, -5*n + 12 = 7. Let i = 0 + 0. Let q = i + o. What is the remainder when q is divided by 12?
9
Let m = 20 + -10. Suppose -13*j + 594 = 20*j. Calculate the remainder when j is divided by m.
8
Suppose 8*z - 989 = -397. Calculate the remainder when z is divided by 23.
5
Let h be (11 + (-25)/5)/2. Suppose h*d + 4*g - 245 = 0, -2*d + 21 = g - 144. What is the remainder when d is divided by 28?
27
Suppose 30 = 3*y - 9. Suppose 15*u - y*u = 66. What is the remainder when 62 is divided by u?
29
Suppose 3*t + 56 = -39*v + 44*v, 5*t = v + 2. What is the remainder when 168 is divided by v?
12
Let z = 8 + -3. Suppose -17 = -s + 2*y, -3*s + 8*s - 115 = -z*y. Let m = 14 - 6. What is the remainder when s is divided by m?
5
Let n(f) = -f**2 + 14*f - 20. Let h be ((-2)/(-6))/((-1)/(-27)). Let w(t) = -t**3 + 7*t**2 + 2*t. Calculate the remainder when w(6) is divided by n(h).
23
What is the remainder when 4/(-18) + 1528/72 is divided by -10 - (-8 - 6) - (-8 - 0)?
9
Calculate the remainder when 3978/65 + 4/5*1 is divided by 18.
8
Suppose -2*r - 5 = -o - 9, -5*o = -4*r - 4. Suppose 110 = -o*n + 9*n. Suppose -2*i + 5*i = 36. What is the remainder when n is divided by i?
10
Suppose -4*y + v - 5*v = -56, -3*y + 2*v = -32. Let m(j) = -j**3 - y + 9*j**2 + 5*j + 3*j**3 + 3 - j**3. Calculate the remainder when m(-8) is divided by 9.
6
Let g(z) = -z - 5. Let p be g(-7). Let n(v) = 6*v - 24. Let j be n(5). Suppose -p*t = -j*t + 236. Calculate the remainder when t is divided by 15.
14
Let o(x) = 11*x**3 - x**2 + 5*x - 5. Calculate the remainder when 39 is divided by o(1).
9
Suppose -u + 809 = 2*v + 245, 0 = 5*v + 2*u - 1410. Calculate the remainder when v is divided by 21.
9
Let n(p) = -p**2 - 34*p - 1. Calculate the remainder when 261 is divided by n(-31).
77
Suppose -w - 7 = -4*o, -5*o - 2*w + 8 = -2*o. Suppose -4*i - 48 = o*x - 7*x, 2*i - 30 = -2*x. What is the remainder when (23/(-2))/((-1)/2) is divided by x?
11
Suppose 3*n + 326 = 623. What is the remainder when n is divided by 15?
9
What is the remainder when (166*(-7)/14)/(-1) is divided by 19?
7
Let c(f) = f**3 - 7*f**2 - 6*f + 2. Let k be c(7). Let g = 57 + k. Suppose 0 = 3*t - g - 7. Calculate the remainder when 21 is divided by t.
5
Suppose 0*c - 4*c = -16. Suppose -24 - 31 = -11*f. Calculate the remainder when f is divided by c.
1
Let x(l) = l**3 + 12*l**2 + l + 16. Let y = -8 + -4. Suppose -5*p - 5*s + 15 = 0, -5 = -2*p - p - 5*s. Calculate the remainder when p is divided by x(y).
1
Let j(l) = 10*l**2 + 12 + 4*l**3 - 4*l**3 + 0*l**3 + l**3. What is the remainder when 44 is divided by j(-10)?
8
Let c(i) = 6*i + 14. Let g be c(10). Suppose -78*f + 12 = -g*f. What is the remainder when 16/3 + 1/(-3) is divided by f?
2
Let j be -23*(-4)/8*2. Let p(a) = 10*a - 55. What is the remainder when p(j) is divided by 16?
15
Suppose -1 = 5*g - 21. What is the remainder when g is divided by (246/36 - 7) + (-50)/(-12)?
0
Let q = 2 - -1. Let i(m) = 2*m - 2. Let h be i(q). Suppose -h*y - 80 + 252 = 0. What is the remainder when y is divided by 23?
20
Let u(g) = g**3 + 11*g**2 + 3*g + 13. Let y be u(-11). Let f = y - -18. Calculate the remainder when 141/6 - f/4 is divided by 14.
10
Suppose 2*k + 0 = 4, 0 = -3*z + 5*k - 4. Suppose -2 - 16 = -z*s. Let p = s - 2. Calculate the remainder when 11 is divided by p.
4
Let y = -52 - -76. Suppose -3*b - 16 - 12 = -2*j, 0 = 3*j - 2*b - 42. Calculate the remainder when y is divide